l(o). Let k be (27/6 + -2)*-2. What are the prime factors of x(k)?
11
Let o(n) be the first derivative of 5*n**2 + 2*n - 2. Let v be o(3). Let u = v + -21. What are the prime factors of u?
11
Let p(l) = 52*l + 3. What are the prime factors of p(2)?
107
Suppose -4*r = 0, -r = -h - 0*h + 2. Let t(a) = 4*a**3 + a - 1. Let k be t(h). List the prime factors of 1/(3/k)*1.
11
Let f = -5 + 8. Suppose -2*l + g - 11 = 0, -2*g - 17 = 4*l - f*g. List the prime factors of -4*3/(l/2).
2
Let b = 5 + 11. List the prime factors of b.
2
Let z(n) = n**2. Let r(m) = m**3 - 12*m**2 - m + 3. Let x(s) = -r(s) - 6*z(s). List the prime factors of x(3).
3
Suppose -q + 3 = -c - 1, 0 = -3*q - 2*c + 32. What are the prime factors of q?
2
Let j be 2*((-1484)/(-8))/7. Suppose 2*m = -4*c + 90, 2*c = -2*m + 3*m - j. List the prime factors of m.
7
Let r(m) = 3*m**3 + m**2 + 7*m - 3. What are the prime factors of r(4)?
233
Let g(y) = -4*y + 3*y - 6 + 8*y. What are the prime factors of g(4)?
2, 11
Let k = 19 + -57. Let u = -26 - k. What are the prime factors of u?
2, 3
Suppose l + 0*f = -4*f - 18, 2*f = -5*l - 18. Let p be (-2)/8 - l/8. Suppose 5*h - v = 20, p*h - 10 = h - 3*v. List the prime factors of h.
5
Suppose -2 = -l + 4*o, o = -l - 3*l + 8. Suppose 4*x - 2*n - n - 76 = 0, 0 = -l*n. What are the prime factors of x?
19
Suppose 5*w + 5 = 15. Suppose -165 = -3*h - w*h. What are the prime factors of h?
3, 11
Let l(j) = -150*j - 4. What are the prime factors of l(-1)?
2, 73
Suppose 5*y = -5*k - 73 + 653, -252 = -2*k + 3*y. Suppose f - k = -4*f. What are the prime factors of f?
2, 3
Let q(k) = 65*k**2 - k. List the prime factors of q(1).
2
Suppose 4*w + w - 270 = 0. Let i be ((-16)/(-12))/((-4)/w). Let d = i + 27. List the prime factors of d.
3
Suppose -3*s + 119 = -79. What are the prime factors of s?
2, 3, 11
Let f(o) = -o - 3. Let z be f(-6). Let i be -3*(-22)/(-9)*z. What are the prime factors of 268/22 - (-4)/i?
2, 3
Let a = 6 - 4. Suppose -2*l + 2 = h - 0, -3*l = a*h - 8. What are the prime factors of h?
2, 5
Let c be 3 - (-1 + 2 + -1). Suppose -160 + 37 = -c*p. Suppose -5*g - 6 = -p. List the prime factors of g.
7
Let x(l) = 2*l**2 - 5*l**2 - 8*l + 6*l**2 + 4. What are the prime factors of x(5)?
3, 13
Let u(o) = o**2 - 9*o + 3. Let p be u(9). Suppose -q + 2*c + 47 = 0, -5*q + p*c - c + 251 = 0. Suppose -3*k + q = 15. List the prime factors of k.
2, 3
Let c be 26/3 + (-4)/6. Let i = c - -7. What are the prime factors of i?
3, 5
Let d(w) = w**2 + 5*w - 6. Let u be d(-6). Let q(h) = 2*h - 15. Let g(r) = r - 7. Let t(v) = -9*g(v) + 4*q(v). List the prime factors of t(u).
3
Suppose 29 = 5*h + 4*m, 2*h - m + 6 = 3*h. Suppose 5*j + q + 17 = 6*j, 0 = -j + h*q + 25. List the prime factors of j.
3, 5
Let q(k) = 5*k + 0 + 0 - 2. Let m be q(3). Let l = m - 5. What are the prime factors of l?
2
Let n = -10 + 10. List the prime factors of -3 + 9 + n + -1.
5
What are the prime factors of 624/20 + 2/(-10)?
31
Suppose -5*w + 30 = -0. Suppose -w*f + 68 = -2*f. List the prime factors of f.
17
Suppose 0 = -3*w - w - 4. List the prime factors of 2 + (16 + -3 - w).
2
Let v be (-8)/12 - (-4)/6. Suppose 0 = 2*d - v*d - 24. List the prime factors of d.
2, 3
Suppose 3*g = -9 - 39. List the prime factors of (-5 + 1)/(g/152).
2, 19
Let a(h) = 9*h**2 + 31*h + 11. Let m(c) = -5*c**2 - 16*c - 6. Let i(v) = 6*a(v) + 11*m(v). Suppose 1 + 15 = n - 4*b, -4 = 2*b. List the prime factors of i(n).
2
Let t(f) = -f**2 - 3*f + 2. Let c be t(-2). Let x(q) = -q - 3. Let j be x(-4). Let k = c - j. List the prime factors of k.
3
Let o(n) = 2*n**2 - 16*n + 8. What are the prime factors of o(11)?
2, 37
Let c(r) = r**2 - 5*r - 20. What are the prime factors of c(11)?
2, 23
Let v = 36 - 17. Suppose 2*r = -5*s + v, -2*r + 2 = 2*s - 2. Suppose -g + 3*d = s, -4*g = 2*d - 4*d - 10. What are the prime factors of g?
2
Let p(t) = -9 - 11*t**2 + 0*t**2 - 2*t**3 - 13*t + t**3. List the prime factors of p(-10).
3, 7
Suppose -2*t = -46 - 36. Suppose -b + 0*b = 2*l - 7, -4*b + t = -5*l. List the prime factors of b.
3
Let t(r) = -r. Let a = -9 + 4. List the prime factors of t(a).
5
Let i = 7 - 4. Suppose -4*f + 2*f + 4 = 2*t, 5*t = i*f + 26. Suppose -l + 28 = l - 4*p, -t*p = 2*l + 4. What are the prime factors of l?
2, 3
Let o = -15 + 13. What are the prime factors of (o/4)/((-1)/12)?
2, 3
Let b(g) = -g**3 + 7*g**2 + 7*g - 12. Let c be b(8). List the prime factors of (-704)/c + (-3)/15.
5, 7
Let y(b) = b**2 + 2*b + 6. List the prime factors of y(6).
2, 3
Let p(a) = a**3 - 16*a**2 + 18*a - 1. List the prime factors of p(15).
2, 11
Let o(a) = 2*a - 1. Let z be o(2). Suppose -31 = -z*g + 11. What are the prime factors of g?
2, 7
Suppose 2*h - 7*h = 105. Let c = -15 - h. Suppose 2*m + 71 = c*m + 3*d, -5*m + 4*d + 112 = 0. List the prime factors of m.
2, 5
Let v(p) = -p**2 - 16*p - 5. List the prime factors of v(-11).
2, 5
Let c(w) = -w**3 + 2*w**2 + 7*w. Let s be c(5). Let j be s/6 + (-4)/(-6). What are the prime factors of (-38)/(-4) + (-3)/j?
2, 5
Let d be -2 - (0 + -2 + 3). What are the prime factors of d/15 - 546/(-30)?
2, 3
Let k = -554 - -790. What are the prime factors of k?
2, 59
Suppose 0 = 4*a + 2*y - 1118, -3*a + y = -903 + 77. List the prime factors of a.
277
Suppose 0 = 9*s - 159 - 228. What are the prime factors of s?
43
Let l(b) = b + 1. Let y be l(1). What are the prime factors of 3/y*224/12?
2, 7
Let k be -3 + (-1)/(-1) - -4. Let h be (-4 - -2) + 2*k. Suppose u = -h*u + 30. List the prime factors of u.
2, 5
Suppose 4*m + 76 = b, 3*m = -4*b + 2*m + 304. Suppose 0 = 5*p - t - 89, -b = -4*p - 0*p - 4*t. Suppose s - p = -s. List the prime factors of s.
3
Suppose -f + 3*b = -6 + 17, -4*b = -5*f. What are the prime factors of f*(-1)/4*-5?
5
List the prime factors of (62 - 0)/((-1)/((-44)/8)).
11, 31
Suppose 3*y - 2*i - 12 = 0, -1 = 2*i + 5. Let o(r) = y*r + 0 - 2 + 1. What are the prime factors of o(4)?
7
Suppose 0 = -4*y + 45 + 67. Let j(z) = -z**3 - z**2 - 2*z. Let x be j(-2). Let s = y - x. List the prime factors of s.
2, 5
Suppose -12*w + 606 = -10*w. List the prime factors of w.
3, 101
Let p = 1 - -1. Suppose 2*j + p*j - 8 = 0. Let k = 4 - j. What are the prime factors of k?
2
Suppose 4*v - 8 = -0*v. Suppose v*m - 13 = 3*m. Let z = -9 - m. List the prime factors of z.
2
Let v(k) = -k**3 + 7*k**2 + 2*k - 3. Let s be v(6). Let m = s + -22. Let j = 32 - m. List the prime factors of j.
3
Let b = -5 - -9. Let o be -4*(-10)/b + 2. Suppose 4*c - 2*c = o. What are the prime factors of c?
2, 3
Suppose -3 - 13 = -4*o. Suppose r - o = -r + 3*n, -3*r + n = -20. Suppose 3*j - r = 4. What are the prime factors of j?
2
Let v(h) = 2*h**2 - 8*h - 3. List the prime factors of v(6).
3, 7
Let a(x) = 2*x**2 + 4*x + 2. Suppose -4*y + 27 = -5*n - 0*y, 3 = -2*n - y. What are the prime factors of a(n)?
2
Suppose 2*y + 12 = 3*y. Suppose 0 = m + m - y. Suppose -n - 5*g + 16 = -12, -3*g = -3*n - m. What are the prime factors of n?
3
List the prime factors of ((-27)/12)/((-2)/88).
3, 11
Suppose 3*w - 16 + 4 = 0. Suppose 0*g = -2*g - 2*k + 44, -2*k = -w*g + 58. What are the prime factors of g?
17
Suppose -2*a = -4*s - 6 - 10, -4*a = 5*s + 33. Let w = -29 + 48. List the prime factors of w/2 - (-1)/a.
3
Suppose -400 = -3*r + 2*r - 2*u, 5*r + u = 2000. List the prime factors of r.
2, 5
Suppose 2*s - 3*q - 8 - 12 = 0, 3*s = 3*q + 30. Suppose 4*g - h + 4 = 13, 4*h = 3*g - s. Suppose -4 = g*p - 4*p. What are the prime factors of p?
2
Suppose 5*f - 3*h - 16 = 0, 10 + 2 = 3*f - h. Suppose -4*t + d + 4*d = -60, -f*t = 4*d - 75. List the prime factors of t.
3, 5
Suppose 2*g + k = -3*g - 36, -3*k + 11 = -2*g. Let j(t) = -t**2 - 11*t - 7. What are the prime factors of j(g)?
3, 7
Let h(k) = -2*k**3 + 6*k**2 - k + 1. Let f be h(4). Let i = -23 - f. What are the prime factors of i?
2, 3
Suppose -y - y - 18 = -4*a, 9 = a - 5*y. Suppose 4*u + 20 = -a*j, -16 = 5*u - u. What are the prime factors of (2 + 0 + j)*9?
3
Suppose 4*r - 436 = 4*b, 3*r + b + 128 = 443. What are the prime factors of r?
2, 53
Let t(z) = 10 + 11*z - 5*z**2 - 2*z**3 - z - z**3. Let d(v) = -2*v**3 - 3*v**2 + 7*v + 7. Let b(g) = 7*d(g) - 5*t(g). List the prime factors of b(-4).
3
Let q(g) = 19*g - 3. Let z be q(3). Suppose -3*i = -12 - z. What are the prime factors of i?
2, 11
Suppose 48 = 13*